{"id":44,"date":"2014-12-06T22:14:30","date_gmt":"2014-12-06T21:14:30","guid":{"rendered":"http:\/\/www.janicmanic.de\/ebu-neu\/?page_id=44"},"modified":"2014-12-11T15:58:58","modified_gmt":"2014-12-11T14:58:58","slug":"wir-ueber-uns-2","status":"publish","type":"page","link":"https:\/\/www.ebu-erlangen.de\/","title":{"rendered":"Wir \u00fcber uns"},"content":{"rendered":"<p>Wir haben uns schon im Jahre 1968 zusammengeschlossen, um bei der Bauausf\u00fchrung v\u00f6llig neue Wege zu gehen.<br \/>\nSeitdem wissen unsere Kunden, was sie an uns haben: Den Partner f\u00fcr individuelles Bauen aus einer Hand.<\/p>\n<p>Wir, das sind alteingesessene Erlanger Handwerksbetriebe aus den verschiedensten Sparten des Baugewerbes.<br \/>\nDas heisst bew\u00e4hrte Qualit\u00e4t und Zuverl\u00e4ssigkeit traditionellen Handwerks, jedoch vereinigt unter einem gemeinsamen, zeitgem\u00e4ssen Dach.<\/p>\n<p><strong>Unsere St\u00e4rke:<\/strong><br \/>\nZentrale Koordination und Ausf\u00fchrung s\u00e4mtlicher bauhandwerklicher Leistung.<\/p>\n<p>Ob Sie einen Neubau planen, eine Eigentumswohnung oder ein Eigenheim erwerben wollen,<br \/>\neine Gesamtrenovierung mit komplettem Innenausbau oder &#8222;nur&#8220; einen kleinen Umbau:<\/p>\n<p>Wir k\u00fcmmern uns um die Abstimmungen und Termine und sorgen f\u00fcr<br \/>\neinen reibungslosen Fortschritt Ihres Bauvorhabens.<\/p>\n<p><strong>Ihr Vorteil als Bauherr:<\/strong> Sie haben nur einen einzigen Ansprechpartner \u2013 die EBU.<\/p>\n<p>Ihr Partner seit fast 50 Jahren f\u00fcr<\/p>\n<ul>\n<li>schl\u00fcsselfertiges Bauen;<\/li>\n<li>Erwerb von Wohnungen und H\u00e4usern zum Festpreis;<\/li>\n<li>Haus- und Wohnungsverwaltung.<\/li>\n<\/ul>\n","protected":false},"excerpt":{"rendered":"<p>Wir haben uns schon im Jahre 1968 zusammengeschlossen, um bei der Bauausf\u00fchrung v\u00f6llig neue Wege zu gehen. Seitdem wissen unsere Kunden, was sie an uns haben: Den Partner f\u00fcr individuelles Bauen aus einer Hand. Wir, das sind alteingesessene Erlanger Handwerksbetriebe aus den verschiedensten Sparten des Baugewerbes. Das heisst bew\u00e4hrte Qualit\u00e4t und Zuverl\u00e4ssigkeit traditionellen Handwerks, jedoch [&hellip;]<\/p>\n","protected":false},"author":1,"featured_media":0,"parent":0,"menu_order":0,"comment_status":"closed","ping_status":"closed","template":"page-templates\/full-width.php","meta":{"footnotes":""},"class_list":["post-44","page","type-page","status-publish","hentry"],"_links":{"self":[{"href":"https:\/\/www.ebu-erlangen.de\/index.php?rest_route=\/wp\/v2\/pages\/44","targetHints":{"allow":["GET"]}}],"collection":[{"href":"https:\/\/www.ebu-erlangen.de\/index.php?rest_route=\/wp\/v2\/pages"}],"about":[{"href":"https:\/\/www.ebu-erlangen.de\/index.php?rest_route=\/wp\/v2\/types\/page"}],"author":[{"embeddable":true,"href":"https:\/\/www.ebu-erlangen.de\/index.php?rest_route=\/wp\/v2\/users\/1"}],"replies":[{"embeddable":true,"href":"https:\/\/www.ebu-erlangen.de\/index.php?rest_route=%2Fwp%2Fv2%2Fcomments&post=44"}],"version-history":[{"count":4,"href":"https:\/\/www.ebu-erlangen.de\/index.php?rest_route=\/wp\/v2\/pages\/44\/revisions"}],"predecessor-version":[{"id":407,"href":"https:\/\/www.ebu-erlangen.de\/index.php?rest_route=\/wp\/v2\/pages\/44\/revisions\/407"}],"wp:attachment":[{"href":"https:\/\/www.ebu-erlangen.de\/index.php?rest_route=%2Fwp%2Fv2%2Fmedia&parent=44"}],"curies":[{"name":"wp","href":"https:\/\/api.w.org\/{rel}","templated":true}]}}